{"id":4843,"date":"2019-04-04T19:35:16","date_gmt":"2019-04-04T17:35:16","guid":{"rendered":"https:\/\/www.catasyalgomas.cl\/?page_id=4843"},"modified":"2019-04-04T19:35:16","modified_gmt":"2019-04-04T17:35:16","slug":"los-programas","status":"publish","type":"page","link":"https:\/\/www.catasyalgomas.cl\/?page_id=4843","title":{"rendered":"Los Programas"},"content":{"rendered":"\n<p>Por que tenemos una cata especial para ti. Podr\u00e1s elegir la categor\u00eda que mas te guste y acomode, desde lo mas cl\u00e1sico, hasta vinos de mayor complejidad y calidad que sorprender\u00e1n tus sentidos\u00a1\u00a1\u00a1\u00a1<\/p>\n\n\n\n<p><strong>TRADICI\u00d3N<\/strong><br> Aprende y disfruta del vino junto a las cepas que son consideradas cl\u00e1sicas dentro de la tradici\u00f3n de nuestro pa\u00eds. Una especial selecci\u00f3n de vinos para comenzar a descubrir y disfrutar. Sauvignonblanc, Chardonnay, Carmenere y Cabernet sauvignon son algunas de las cepas que conoceras.<\/p>\n\n\n\n<p><strong>ICONO<\/strong><br> \u00bfQuieres llevar tu experiencia a otro nivel? Entonces esta cata es para ti. Convi\u00e9rtete en un apasionado. Una exclusiva selecci\u00f3n de los mejores vi\u00f1edos de nuestro pa\u00eds. Cata alguno de los vinos que son considerados iconos por cada una de las vi\u00f1as.<\/p>\n\n\n\n<p><strong>VANGUARDIA<\/strong><br> Por que sabemos que quieres probar algo diferente; te invitamos a descubrir estos nuevos sabores que entregan diversidad a nuestros vinos; descubre junto a nosotros las llamadas cepas no tradicionales. Cari\u00f1an, PinotNoir, Syrah,Gewurztraminer y Viognier; ser\u00e1n algunas de las cepas que podr\u00e1s descubrir.<\/p>\n\n\n\n<p><strong>A TU MEDIDA<\/strong><br> Cu\u00e9ntanos tus preferencias y las de tus amigos en vinos , elije tus cepas favoritas y el resto d\u00e9jalo en nuestras manos. Arma la cata junto a nosotros.<\/p>\n\n\n\n<p>LOS PRECIO DE CADA PLAN VA A VARIAR DE ACUERDO AL NUMERO DE PERSONAS QUE PARTICIPE DE ESTE.<\/p>\n\n\n\n<p><br><strong>Cata para dos personas<\/strong><\/p>\n\n\n\n<p>Incluye<\/p>\n\n\n\n<p>\u2192 4 copas de vino por persona, estos ser\u00e1n reserva o gran reserva ; , los cuales ser\u00e1n elegidos por nuestro equipo; ya que la idea ser\u00e1 que tu y tus amigos puedan distinguir y lograr apreciar las bondades y caracter\u00edsticas de cada cepa<\/p>\n\n\n\n<p>\u2192 Espumante de cortes\u00eda<\/p>\n\n\n\n<p>\u2192 Tabla de quesos y charcuter\u00eda<\/p>\n\n\n\n<p>Valor $35.000 (treinta y cinco mil pesos) por persona<\/p>\n\n\n\n<p><strong>Cata para cuatro personas<\/strong><\/p>\n\n\n\n<p>Incluye<\/p>\n\n\n\n<p>\u2192 4 copas de vino por persona, estos ser\u00e1n reserva o gran reserva ; , los cuales ser\u00e1n elegidos por nuestro equipo; ya que la idea ser\u00e1 que tu y tus amigos puedan distinguir y lograr apreciar las bondades y caracter\u00edsticas de cada cepa<\/p>\n\n\n\n<p>\u2192 Espumante de cortes\u00eda<\/p>\n\n\n\n<p>\u2192 4 degustaciones de quesos Premium por persona los cuales ser\u00e1n maridajes perfectos para cada uno de los vinos y variedad de frutos secos.<\/p>\n\n\n\n<p>Valor $30.000 (treinta y mil pesos) por persona<\/p>\n\n\n\n<p><strong>Cata para seis o mas personas<\/strong><\/p>\n\n\n\n<p>Incluye<\/p>\n\n\n\n<p>\u2192 Espumante de bienvenida.<\/p>\n\n\n\n<p>\u2192 5 copas de vino por persona, estos ser\u00e1n reserva o gran reserva ; , los cuales ser\u00e1n elegidos por nuestro equipo; ya que la idea ser\u00e1 que tu y tus amigos puedan distinguir y lograr apreciar las bondades y caracter\u00edsticas de cada cepa<\/p>\n\n\n\n<p>\u2192 5 degustaciones de quesos Premium por persona los cuales ser\u00e1n maridajes perfectos para cada uno de los vinos y variedad de frutos secos.<\/p>\n\n\n\n<p>Valor $24.000 (veinte cuatro mil pesos) por persona<\/p>\n\n\n\n<p>Los valores van a variar de acuerdo al plan a elegir  e incluye traslado sin costo.<\/p>\n","protected":false},"excerpt":{"rendered":"<p>Por que tenemos una cata especial para ti. Podr\u00e1s elegir la categor\u00eda que mas te guste y acomode, desde lo mas cl\u00e1sico, hasta vinos de mayor complejidad y calidad que sorprender\u00e1n tus sentidos\u00a1\u00a1\u00a1\u00a1 TRADICI\u00d3N Aprende y disfruta del vino junto a las cepas que son consideradas cl\u00e1sicas dentro de la tradici\u00f3n de nuestro pa\u00eds. Una [&hellip;]<\/p>\n","protected":false},"author":1,"featured_media":0,"parent":0,"menu_order":0,"comment_status":"closed","ping_status":"closed","template":"","meta":[],"_links":{"self":[{"href":"https:\/\/www.catasyalgomas.cl\/index.php?rest_route=\/wp\/v2\/pages\/4843"}],"collection":[{"href":"https:\/\/www.catasyalgomas.cl\/index.php?rest_route=\/wp\/v2\/pages"}],"about":[{"href":"https:\/\/www.catasyalgomas.cl\/index.php?rest_route=\/wp\/v2\/types\/page"}],"author":[{"embeddable":true,"href":"https:\/\/www.catasyalgomas.cl\/index.php?rest_route=\/wp\/v2\/users\/1"}],"replies":[{"embeddable":true,"href":"https:\/\/www.catasyalgomas.cl\/index.php?rest_route=%2Fwp%2Fv2%2Fcomments&post=4843"}],"version-history":[{"count":1,"href":"https:\/\/www.catasyalgomas.cl\/index.php?rest_route=\/wp\/v2\/pages\/4843\/revisions"}],"predecessor-version":[{"id":4844,"href":"https:\/\/www.catasyalgomas.cl\/index.php?rest_route=\/wp\/v2\/pages\/4843\/revisions\/4844"}],"wp:attachment":[{"href":"https:\/\/www.catasyalgomas.cl\/index.php?rest_route=%2Fwp%2Fv2%2Fmedia&parent=4843"}],"curies":[{"name":"wp","href":"https:\/\/api.w.org\/{rel}","templated":true}]}}